a, -3*a - 32 = 2*b - a. Let v = -9 - b. Calculate the greatest common divisor of 35 and v.
5
Suppose 0 = -5*u + 4*s + 2, 3*s = -u - 1 + 9. Suppose -j = u - 5. Calculate the greatest common divisor of j and 24.
3
Let b = 3 + -3. Suppose b*x + 6 = 2*x. Suppose 3*w + 17 + 28 = 2*i, -60 = -3*i - x*w. Calculate the highest common divisor of 63 and i.
21
Suppose 0*t = y + 2*t - 2, 5*t = -25. Let r be y/16 - 1/(-4). Let i be 42/15*10/4. What is the highest common factor of r and i?
1
Suppose 0 = -3*s + 2*s + 27. Suppose 0*k + 3*k - s = -j, -3*k = 5*j - 27. Calculate the greatest common divisor of 6 and k.
3
Suppose -5*l + 32 = -4*x, -5*l - x + 17 + 0 = 0. What is the greatest common factor of l and 1?
1
Suppose 5*h = h + 520. What is the greatest common factor of 26 and h?
26
Let n be (10 - 10) + 4/(-2). Let t be (-4 - -3)/(1/n). Suppose -4*a = -0*a - 8. What is the greatest common factor of t and a?
2
Let q be 34/(-6) - (-8)/12. Let m = 8 + q. Suppose -11 = -m*c + 34. Calculate the greatest common factor of 75 and c.
15
Let h(r) = r**2 - r + 6. Let k be h(10). Let y be (-2)/(-5) + k/10. Calculate the greatest common divisor of 25 and y.
5
Suppose -4*o = -8, 0 = -i + 4*i - 4*o - 49. Let j(t) = 6*t**2 - t - 5. Let h be j(-4). Calculate the greatest common divisor of i and h.
19
Let o(j) = 9 - 2*j**2 + j**2 - 8*j + j. Let c be o(-8). Suppose c - 2 = -k. What is the highest common divisor of 8 and k?
1
Suppose 2*p = -7 + 1. Let r be 4 + (2 + -2)/p. Let f be (-1 + 2/r)*-14. What is the highest common factor of 49 and f?
7
Suppose -3*n + 2*n = -26. Let j be (-3507)/(-15) + (-6)/(-30). Calculate the greatest common factor of j and n.
26
Suppose 3*q - 4*h = 30 + 5, q = -4*h - 15. Suppose -5*v = -5*s - 120, q*v = -4*s + 6 + 96. Let t = -7 + v. Calculate the highest common factor of 75 and t.
15
Let o be 3/6 + (-1755)/(-10). What is the highest common divisor of 16 and o?
16
Let v be -2 + 4 - 3 - -1. Suppose 5*p - 45 - 15 = v. Suppose 0*u + 5*u - 316 = -4*c, -2*u = -3*c + 260. What is the greatest common factor of c and p?
12
Suppose 0 = -13*b + 267 + 227. What is the greatest common factor of b and 2?
2
Suppose 234 = -0*q + 2*q - 3*u, 0 = -q - 3*u + 126. What is the highest common factor of q and 15?
15
Let n(w) = -11*w**2 - 2*w + 1. Let p be n(1). Let o = 36 + p. Calculate the highest common factor of 60 and o.
12
Let s be 18/(0 + 2)*-1. Let k be (-12)/9 + (-732)/s. Suppose 4*b + 5*j - 74 = 10, b + 2*j = 24. What is the greatest common divisor of k and b?
16
Suppose 0 = -2*z + 6. Suppose -4*b + 0*f = -z*f - 87, 2*b + 3*f - 39 = 0. Suppose -56 = -0*a - 4*a. What is the greatest common factor of a and b?
7
Let l(x) = x**3 - 8*x**2 + 7*x + 2. Let d be l(7). Suppose 2*k - 4*z - 20 = -d*k, -5*k = 3*z - 17. Calculate the greatest common factor of 1 and k.
1
Let g be (8/10)/((-7)/(-35)). Suppose -3*v - 39 = -g*l + 2*v, -5*l - 3*v = -21. What is the greatest common divisor of 24 and l?
6
Let l be 76 - 5/((-10)/6). Suppose 0 = 2*h - 4*y - 50, -3*y - l + 31 = -2*h. What is the highest common divisor of 21 and h?
21
Let h be (-4)/(-3)*21/7. Suppose h*a + 3*q - 56 = 0, -q = -2*a + 41 - 3. What is the highest common divisor of 187 and a?
17
Let b(y) = 13*y - 6*y + y**3 + 11 + 8*y**2 - 1. Let a be ((-28)/(-16))/((-2)/8). Let j be b(a). Calculate the greatest common factor of j and 10.
10
Suppose c - 90 = -3*o - c, -4*c - 30 = -o. Calculate the greatest common factor of o and 20.
10
Suppose -p = 2*h - 84, 5*p + 39 = 3*h + 433. Calculate the greatest common divisor of 10 and p.
10
Let f = -52 + 90. Suppose -9*b = -4*b + 2*y - 63, 3*b = -y + f. What is the greatest common factor of 65 and b?
13
Let s(f) = f + 1. Let i be s(3). Let u(l) = -l**2 + 3*l + 8. Let a be u(i). Calculate the greatest common divisor of 10 and a.
2
Let v(w) = 5*w + 0 - 2*w**2 - 3 + 4*w. Let y be v(6). Let m = -6 - y. Calculate the greatest common divisor of m and 60.
15
Let s(y) = -y**2 - 9*y - 5. Let j be s(-8). Calculate the highest common divisor of 6 and j.
3
Suppose 0 = 2*l, -q + 3*q + 2*l = 30. Calculate the highest common divisor of q and 3.
3
Suppose 53*l - 156 = 47*l. What is the highest common divisor of l and 117?
13
Let b = 51 - 35. Suppose 3 - b = -j. What is the highest common divisor of j and 91?
13
Let m(z) = -12*z - z**3 + 0*z - 9*z**2 + 2*z - 4. Let j be m(-8). Calculate the highest common divisor of 2 and j.
2
Suppose -4*t + 6 = -a, -5*a = -3*t + 4*t - 33. What is the highest common divisor of 18 and a?
6
Let v(l) = -l**3 + l**2 + l + 19. Let h be v(0). What is the highest common factor of 152 and h?
19
Let s = 136 + -133. Suppose 3*j - 20 - 43 = 0. Calculate the greatest common factor of s and j.
3
Suppose -4*o = -3*o + 2*y - 30, 4*y = -3*o + 84. Calculate the greatest common divisor of 48 and o.
24
Let d be 3/(-6) - (-452)/8. Calculate the highest common divisor of d and 7.
7
Suppose 5*c - 138 - 62 = 0. Let b be 3/12 - (-39)/4. Calculate the greatest common divisor of c and b.
10
Let k(q) = 2*q**2 + 5*q - 1. Suppose 6*m = 9*m + 12. Let s be k(m). What is the greatest common factor of 33 and s?
11
Let m(o) = 19*o + 7. Let g be m(2). Suppose -2*i - 4*n + 6 = -18, -n + 87 = 5*i. What is the highest common divisor of g and i?
9
Suppose -q - 2 = 0, 2*f + 6*q = 2*q - 4. Let n be f/(3/(-3)) - -6. Let p be 98/n - (-4)/(-8). Calculate the greatest common factor of 3 and p.
3
Let h(c) = -2*c + 4. Let n be h(-5). What is the greatest common divisor of 42 and n?
14
Suppose 0 = -5*i + i + 140. Let x(g) = 7*g**2 + g - 1. Let t be x(1). Calculate the greatest common factor of t and i.
7
Let f(x) = 7*x**2 + 3*x + 2. Suppose -5*l + 11 = -3*g, -11 = -4*g + 5*g + 2*l. Let n = g + 5. Let j be f(n). What is the greatest common factor of j and 36?
12
Suppose n - 46 + 6 = 0. Suppose -2*b + b = -15. Let v = 25 - b. What is the highest common factor of v and n?
10
Suppose q - 4*k - 3 = 52, -90 = -2*q + 4*k. Let n be (-226)/(-10) - (-14)/q. What is the greatest common factor of n and 184?
23
Let d(k) = k**3 - 6*k**2 + k - 2. Let n be d(6). Suppose j - 3*j = -n. Let w be (-19 - -1 - j)*-1. Calculate the highest common factor of 5 and w.
5
Let x be 51/15 + (-3)/(-5). What is the greatest common divisor of x and 44?
4
Suppose -3*q = -4*m + 7, -2*m + 8 = -5*q + 1. Let o be q/(-2) + (-162)/4. Let t be (66/(-4))/(4/o). Calculate the greatest common divisor of 15 and t.
15
Suppose -3*r = 6*t - 2*t - 61, -5*r + 3*t = -63. What is the greatest common factor of r and 15?
15
Let f be 10/3 + -3 + 26/3. What is the greatest common factor of f and 18?
9
Suppose 5*k + 698 = 3*v + k, 0 = -2*k + 2. What is the greatest common factor of 26 and v?
26
Suppose -3*t - 4*a + 263 = 0, 2*t - 6*t = 5*a - 349. Suppose 0 = -o + 5, 10 = 3*v - 2*o - 13. Let s = v + -2. What is the greatest common factor of t and s?
9
Let w = 24 + -14. Let l = w - 6. Suppose 4*g + 2*j = -l, 17 = g - 0*j - 4*j. What is the greatest common factor of g and 9?
1
Let o be (-140)/(-18) - (-8)/36. Let h(m) = m + 6. Let x be h(o). Calculate the highest common factor of x and 21.
7
Let i(s) be the first derivative of s**4/4 - s**3 + 3*s**2/2 - 3*s + 5. Let b be i(3). What is the greatest common factor of 6 and b?
6
Let w = 31 - 22. Let v(q) = 4*q - 6*q - 5*q - w. Let b be v(-7). Calculate the greatest common divisor of b and 8.
8
Let g(u) = u**2 - 7*u + 6. Let a be g(6). Let r be ((-45)/(-6))/((-1)/(-4)). Suppose -r = -2*m - a. Calculate the greatest common divisor of 60 and m.
15
Let d(m) = m + 1. Let x be d(4). Calculate the greatest common factor of x and 10.
5
Suppose 3*n + 149 = 203. Let f(v) = v**3 + 5*v**2 - 2*v - 7. Let o be f(-5). Suppose 5*h - 18 = o*h. Calculate the highest common factor of n and h.
9
Suppose -4*u = w + u - 20, 0 = -w + 3*u + 52. Calculate the highest common divisor of 16 and w.
8
Suppose 5*c - 25 = 0, -5*c = 6*l - l + 135. Let i = l - -59. Calculate the highest common divisor of i and 9.
9
Suppose 2*l - 216 = 970. Suppose -2*y + v + 240 = 0, -6*y + y = v - l. Calculate the greatest common divisor of y and 17.
17
Let u(o) = 23*o**2 + o. Let d be u(-1). What is the greatest common factor of d and 55?
11
Suppose 13*j = 15*j - 52. What is the highest common factor of j and 65?
13
Let o = -37 + 61. Suppose -2*n + o = 2*n. Calculate t